 -1321 - -61?
-1260
In base 5, what is 3032403 - -10?
3032413
In base 16, what is 37eef - 5?
37eea
In base 9, what is 3 + 784488?
784502
In base 2, what is 100001010 + -1001001011?
-101000001
In base 10, what is -791 + -3289?
-4080
In base 11, what is -633996 - -4?
-633992
In base 12, what is -39904a + 1?
-399049
In base 15, what is -16191 + 5c?
-16134
In base 10, what is 25 - -9409?
9434
In base 10, what is 2 + -46565?
-46563
In base 9, what is -376 + -21817?
-22304
In base 8, what is 471104 - -2?
471106
In base 14, what is 25 - 909?
-8c4
In base 16, what is -239 + 1259?
1020
In base 12, what is -30b + -570?
-87b
In base 14, what is d7 + -5d?
78
In base 9, what is -10 - 174334?
-174344
In base 11, what is 1780 - 73?
1708
In base 10, what is -194 + -2666?
-2860
In base 2, what is -111 + 111000110000?
111000101001
In base 7, what is 5 + 124645?
124653
In base 9, what is -3435433 + 2?
-3435431
In base 14, what is -112855 + -3?
-112858
In base 6, what is 20 - 220?
-200
In base 4, what is 1030300203 + 1?
1030300210
In base 2, what is 110010011010110 - 1110?
110010011001000
In base 3, what is -2 + -102022012?
-102022021
In base 4, what is 110201312 - -3?
110201321
In base 13, what is 73b - -7?
745
In base 3, what is -112 + 112221110?
112220221
In base 9, what is -7056 - 6?
-7063
In base 15, what is -2 - -6113?
6111
In base 3, what is 1000121 - 2?
1000112
In base 16, what is 45 + 222?
267
In base 9, what is 101 + -31642?
-31541
In base 15, what is 5 + 2d2d?
2d33
In base 6, what is -2 + -100222?
-100224
In base 3, what is -10021220 - 1?
-10021221
In base 5, what is -30131 + 22311?
-2320
In base 11, what is 2 + a170?
a172
In base 16, what is 222 - -c8?
2ea
In base 14, what is -69c0 - 15?
-69d5
In base 10, what is -4 - 68038?
-68042
In base 12, what is -322083 - 3?
-322086
In base 10, what is 426 + -31?
395
In base 6, what is -12152152 + 3?
-12152145
In base 11, what is 100311 - -3?
100314
In base 6, what is 400254 + -2?
400252
In base 6, what is 255023 + 2?
255025
In base 5, what is -3 - -430420?
430412
In base 13, what is 2 - 30429?
-30427
In base 9, what is 34 + -861?
-826
In base 16, what is 4 + 2d3c?
2d40
In base 15, what is -2c + 616a?
613d
In base 3, what is -110221011220 + -20?
-110221012010
In base 3, what is -2120111 + 202?
-2112202
In base 5, what is 1 - -11243322?
11243323
In base 13, what is 34 - -302c?
3063
In base 4, what is -2 - -10113221?
10113213
In base 15, what is 1 - a55d?
-a55c
In base 8, what is 4 - -305624?
305630
In base 16, what is -10b2 - -44?
-106e
In base 7, what is 1006605 + -2?
1006603
In base 16, what is 2135 + -83?
20b2
In base 10, what is 3 - -8183?
8186
In base 7, what is 36 - 224510?
-224441
In base 14, what is -854d - 2?
-8551
In base 15, what is 4 + 4a885?
4a889
In base 10, what is 7652495 - 0?
7652495
In base 5, what is 113 + -1440044?
-1434431
In base 14, what is 8 + -7a8?
-7a0
In base 2, what is -1100 - 100000000110011?
-100000000111111
In base 3, what is -2010 - 20000020?
-20002100
In base 4, what is 211301212203 - -2?
211301212211
In base 7, what is -22402 + 1526?
-20543
In base 9, what is 68 + -564?
-485
In base 15, what is -3 + 3596a?
35967
In base 11, what is -167a - 10?
-168a
In base 15, what is -b84 + c?
-b77
In base 16, what is -15 + -1991?
-19a6
In base 11, what is 4 + -205582?
-205579
In base 6, what is -4 + 252512?
252504
In base 12, what is 13 - -7942?
7955
In base 16, what is 9f4 - 10f?
8e5
In base 5, what is -303 + 222?
-31
In base 7, what is 51303 - 404?
50566
In base 5, what is -10414 - -2130?
-3234
In base 11, what is 3448 + 1?
3449
In base 16, what is 46 - -2894?
28da
In base 13, what is -14bb + 2?
-14b9
In base 9, what is 331 + -376?
-45
In base 8, what is 15101 + -75?
15004
In base 5, what is -10 - 413404?
-413414
In base 15, what is -3 - -52d0a?
52d07
In base 2, what is 100101010100001000000 + 11?
100101010100001000011
In base 14, what is 45 + 322?
367
In base 4, what is 32323332 + 323?
32330321
In base 6, what is 20 + -13552?
-13532
In base 10, what is 132 + -776?
-644
In base 3, what is -11201 - 21000?
-102201
In base 8, what is -1074 - -2061?
765
In base 6, what is 22 - -1443?
1505
In base 13, what is 5 - -78a1?
78a6
In base 14, what is 1383 - -93?
1436
In base 4, what is 20 - -1312000?
1312020
In base 6, what is 5 - -45544?
45553
In base 3, what is 1101010121 + 1121?
1101012012
In base 16, what is -b + 11f2f?
11f24
In base 6, what is 34525415 + -4?
34525411
In base 5, what is 1232221 - -221?
1232442
In base 10, what is -1252 - -1825?
573
In base 10, what is 186 - 1439?
-1253
In base 15, what is -87 + 534?
49c
In base 11, what is 0 + 138505?
138505
In base 7, what is -35 + -54146?
-54214
In base 12, what is -629 + 97?
-552
In base 3, what is -22111122 - -2?
-22111120
In base 2, what is 101101001 - 110001001?
-100000
In base 15, what is 792 + -55?
73c
In base 6, what is 14 - -402551?
403005
In base 14, what is 30 + -6b3b?
-6b0b
In base 4, what is 310 + 121310210?
121311120
In base 6, what is -4 + 22041405?
22041401
In base 16, what is 5ea - -a?
5f4
In base 5, what is 20020 + 14?
20034
In base 5, what is -1134 + 34112?
32423
In base 13, what is -1201590 + 3?
-120158a
In base 16, what is 12 - -2e4?
2f6
In base 3, what is -110020112 - 1100?
-110021212
In base 13, what is -20020 + 2?
-2001b
In base 5, what is 43202 - -3?
43210
In base 6, what is 2340 + 121?
2501
In base 10, what is 4 + -11014?
-11010
In base 4, what is -3013110 - 130?
-3013300
In base 4, what is 0 - 13201022?
-13201022
In base 11, what is -aa59 + 4?
-aa55
In base 9, what is 5 + 321680?
321685
In base 7, what is 5151 + 5?
5156
In base 14, what is 2023 - -4d?
2072
In base 11, what is -2434a4 + 1?
-2434a3
In base 3, what is 1100202 - -221000?
2021202
In base 7, what is -102 - -15431?
15326
In base 16, what is -3187 + 8?
-317f
In base 4, what is 2320 + 1213022?
1222002
In base 12, what is 202 - 31?
191
In base 7, what is 1041 - -13235?
14306
In base 5, what is 3101322 - 123?
3101144
In base 16, what is 347 - 9?
33e
In base 4, what is 103021 - -2323?
112010
In base 8, what is 2 + 464432?
464434
In base 16, what is -1 - 38ec?
-38ed
In base 16, what is -7f773 - -b?
-7f768
In base 14, what is 69a08 - 3?
69a05
In base 5, what is -10 - -34424423?
34424413
In base 2, what is 1100111110 - 101101101011?
-100000101101
In base 15, what is aa89 - -1?
aa8a
In base 4, what is 2012 + -1112?
300
In base 2, what is 1100011011011 + 11010?
1100011110101
In base 8, what is 32122 + -40?
32062
In base 3, what is 2110121 + 110222?
2221120
In base 13, what is 5 - 371c22?
-371c1a
In base 6, what is -1 - -3533535?
3533534
In base 13, what is -3 + -3905?
-3908
In base 15, what is -2 - e613?
-e615
In base 3, what is 1221202 - -111?
1222020
In base 11, what is 2a2054 + -3?
2a2051
In base 5, what is -40441110 - -1?
-40441104
In base 10, what is -83171 - 7?
-83178
In base 11, what is -702 + 21?
-691
In base 15, what is -6907 - 2e?
-6936
In base 11, what is -68 - -1441?
1384
In base 4, what is 12202 - 110221?
-32013
In base 9, what is -8385 + 26?
-8358
In base 12, what is -1b0 - 58?
-248
In base 6, what is 4 - 54443?
-54435
In base 16, what is 0 + 14414?
14414
In base 7, what is 54524 + -5?
54516
In base 3, what is 110121100 - 1221?
110112102
In base 14, what is b + -11d5a?
-11d4d
In base 7, what is -20326 - -13?
-20313
In base 6, what is -21 + 31403?
31342
In base 11, what is 31 + -10406?
-10385
In base 8, what is 3 - -11134?
11137
In base 11, what is -2165a6 + 1?
-2165a5
In base 15, what is -1 - 6e38?
-6e39
In base 10, what is 5433 - -10?
5443
In base 3, what is 211 + 101121210?
101122121
In base 6, what is -5452 + -45?
-5541
In base 9, what is 1780 + 40?
1830
In base 5, what is -1233 - -31?
-1202
In base 10, what is -4 + -3815?
-3819
In base 3, what is -210202011 - 10012?
-210212100
In base 3, what is 12 - 20110220?
-20110201
In base 5, what is 10 + -30020?
-30010
In base 6, what is -2503223 - 5?
-2503232
In base 5, what is 101003 + 13110?
114113
In base 8, what is -2 - -3423002?
3423000
In base 9, what is -15 - -3471?
3455
In base 14, what is 83 + -533?
-490
In base 6, what is 33 + -1014?
-541
In base 14, what is -4 + 663c7?
663c3
In base 5, what is -132303 + 1?
-132302
In base 12, what is -52 - -1443?
13b1
In base 15, what is -e - b?
-1a
In base 14, wh